{"id":2351,"date":"2025-08-19T13:17:33","date_gmt":"2025-08-19T11:17:33","guid":{"rendered":"https:\/\/www.leopard.ch\/?page_id=2351"},"modified":"2025-09-25T12:41:44","modified_gmt":"2025-09-25T10:41:44","slug":"beuteverfugbarkeit","status":"publish","type":"page","link":"https:\/\/www.leopard.ch\/index.php\/forschung\/forschungsprojekte\/beuteverfugbarkeit\/","title":{"rendered":"Verf\u00fcgbarkeit von Beutetieren"},"content":{"rendered":"\n<div class=\"wp-block-group is-vertical is-layout-flex wp-container-core-group-is-layout-8cf370e7 wp-block-group-is-layout-flex\">\n<p>Das Verst\u00e4ndnis der Verf\u00fcgbarkeit von Beutetieren steht im Zentrum unserer Naturschutzarbeit. Raubtiere wie Leoparden und L\u00f6wen leben nicht isoliert \u2013 ihr \u00dcberleben h\u00e4ngt direkt von der Anzahl und den Bewegungen der Beutetiere in ihrer Umgebung ab. Wenn die Best\u00e4nde zur\u00fcckgehen oder sich verlagern, ver\u00e4ndert sich auch das Verhalten der Raubtiere. Sie passen ihre Jagdstrategien an, durchstreifen gr\u00f6ssere Gebiete oder geraten vermehrt in Konflikt mit Vieh und Menschen. Indem wir die Verf\u00fcgbarkeit von Beutetieren sorgf\u00e4ltig \u00fcberwachen, k\u00f6nnen wir diese Muster besser verstehen und wichtige Informationen gewinnen, die f\u00fcr Naturschutzentscheide entscheidend sind.<br><br>Bei Leopard Ecology &amp; Conservation nutzen wir zwei Hauptmethoden, um Beutetiere zu erfassen:<\/p>\n\n\n\n<ul class=\"wp-block-list\">\n<li>Fotofallen-Erhebungen<\/li>\n\n\n\n<li>Spur- und Beutez\u00e4hlungen<\/li>\n<\/ul>\n\n\n\n<p>Gemeinsam liefern diese Methoden sowohl detaillierte, kleinskalige Daten als auch einen breiteren \u00dcberblick auf Landschaftsebene. Sie zeigen uns nicht nur, wie viele Tiere vorhanden sind, sondern auch, wie sie ihren Lebensraum nutzen, wie sich ihre Bewegungen im Laufe der Jahreszeiten ver\u00e4ndern und welchen Einfluss dies auf die Raubtiere hat, die wir erforschen.<\/p>\n\n\n\n<div class=\"wp-block-group\"><div class=\"wp-block-group__inner-container is-layout-constrained wp-block-group-is-layout-constrained\">\n<p><strong>Fotofallen-Erhebungen<\/strong><br>Fotofallen sind eines unserer wichtigsten Werkzeuge. Es sind bewegungsgesteuerte Kameras, die in unserem gesamten Forschungsgebiet installiert werden und Tiere fotografieren, w\u00e4hrend sie sich ganz nat\u00fcrlich durch die Landschaft bewegen. Im Gegensatz zu herk\u00f6mmlichen Z\u00e4hlungen, die auf menschliche Beobachter angewiesen sind, arbeiten Fotofallen rund um die Uhr \u2013 sie liefern ein kontinuierliches und v\u00f6llig st\u00f6rungsfreies Bild der Tierwelt.<br>F\u00fcr unsere Forschung im Khutse Game Reserve und im s\u00fcdlichen Zentral-Kalahari haben wir ein grossfl\u00e4chiges Raster aus Kameras installiert, das mehr als 4\u2019000 km\u00b2 abdeckt.<br>Jede Station wird sorgf\u00e4ltig entlang von Wildwechseln, in der N\u00e4he von Pfannen (Wasserl\u00f6chern) oder an Strassenquerungen platziert, wo Tiere mit hoher Wahrscheinlichkeit vorbeikommen. Manche Stationen sind mit nur einer Kamera ausgestattet, andere mit zwei Kameras, die sich gegen\u00fcberstehen, um beide K\u00f6rperseiten eines Tieres aufzunehmen. Das ist besonders hilfreich, um einzelne Leoparden zu identifizieren \u2013 ihr Fellmuster ist so einzigartig wie ein Fingerabdruck.<br>Unsere Kameras nutzen Infrarotsensoren, um Bewegung und K\u00f6rperw\u00e4rme zu erkennen. Dadurch werden hochaufl\u00f6sende Fotos sowohl am Tag als auch in der Nacht ausgel\u00f6st. Nachts sorgen Blitzlichter daf\u00fcr, dass die Tiere gut sichtbar sind \u2013 ganz ohne K\u00f6der oder Lockmittel. So zeigen die Bilder das nat\u00fcrliche Verhalten der Tiere.<\/p>\n\n\n\n<div class=\"wp-block-media-text is-stacked-on-mobile is-vertically-aligned-center\"><figure class=\"wp-block-media-text__media\"><img loading=\"lazy\" decoding=\"async\" width=\"1024\" height=\"768\" src=\"https:\/\/www.leopard.ch\/wp-content\/uploads\/2025\/09\/IMG_0889-1024x768.jpeg\" alt=\"\" class=\"wp-image-2440 size-full\" srcset=\"https:\/\/www.leopard.ch\/wp-content\/uploads\/2025\/09\/IMG_0889-1024x768.jpeg 1024w, https:\/\/www.leopard.ch\/wp-content\/uploads\/2025\/09\/IMG_0889-300x225.jpeg 300w, https:\/\/www.leopard.ch\/wp-content\/uploads\/2025\/09\/IMG_0889-768x576.jpeg 768w, https:\/\/www.leopard.ch\/wp-content\/uploads\/2025\/09\/IMG_0889-1536x1152.jpeg 1536w, https:\/\/www.leopard.ch\/wp-content\/uploads\/2025\/09\/IMG_0889.jpeg 2048w\" sizes=\"auto, (max-width: 1024px) 100vw, 1024px\" \/><\/figure><div class=\"wp-block-media-text__content\">\n<p><br>Alle paar Wochen besucht unser Team jede Station, um Batterien auszutauschen, Speicherkarten zu wechseln und Details zum Lebensraum zu erfassen, zum Beispiel Vegetationsstruktur oder N\u00e4he zu Wasser. Die Tausenden von aufgenommenen Bildern werden anschliessend mit Hilfe von KI-Tools wie TrapTagger ausgewertet und danach von unseren Forschern manuell \u00fcberpr\u00fcft.<br>Diese Kombination aus moderner Technologie und menschlicher Expertise garantiert, dass unsere Daten pr\u00e4zise und verl\u00e4sslich sind. Bei diesen Erhebungen z\u00e4hlen wir nicht nur Leoparden, sondern erfassen auch die Anwesenheit, H\u00e4ufigkeit und Aktivit\u00e4t ihrer Beutetiere. Von Antilopen und Warzenschweinen bis hin zu kleinen nachtaktiven Tieren \u2013 die Fotofallen geben ein umfassendes Bild der Beuteverf\u00fcgbarkeit im Verlauf der Jahreszeiten.<\/p>\n<\/div><\/div>\n\n\n\n<p>Langfristig helfen uns diese Daten, entscheidende Fragen zu beantworten:<\/p>\n\n\n\n<ul class=\"wp-block-list\">\n<li>Welche Beutetiere kommen in welchen Lebensr\u00e4umen am h\u00e4ufigsten vor?<\/li>\n\n\n\n<li>Wie ver\u00e4ndert sich das Beuteangebot vor und nach der Regenzeit?<\/li>\n\n\n\n<li>Passen L\u00f6wen und Leoparden ihre Ern\u00e4hrung an, wenn bestimmte Beutetiere knapp werden?<\/li>\n<\/ul>\n<\/div><\/div>\n\n\n\n<p>Indem wir diese Muster kontinuierlich \u00fcberwachen, k\u00f6nnen wir ein immer klareres Bild vom empfindlichen Gleichgewicht zwischen Raubtier und Beute im Kalahari-\u00d6kosystem zeichnen.<\/p>\n\n\n\n<div style=\"height:0px\" aria-hidden=\"true\" class=\"wp-block-spacer wp-container-content-7eea9941\"><\/div>\n\n\n\n<div class=\"wp-block-columns is-layout-flex wp-container-core-columns-is-layout-9d6595d7 wp-block-columns-is-layout-flex\">\n<div class=\"wp-block-column is-layout-flow wp-block-column-is-layout-flow\">\n<figure class=\"wp-block-image size-large\"><img loading=\"lazy\" decoding=\"async\" width=\"1024\" height=\"720\" src=\"https:\/\/www.leopard.ch\/wp-content\/uploads\/2025\/09\/RCNX1609-1024x720.jpg\" alt=\"\" class=\"wp-image-2441\" style=\"aspect-ratio:4\/3;object-fit:cover\" srcset=\"https:\/\/www.leopard.ch\/wp-content\/uploads\/2025\/09\/RCNX1609-1024x720.jpg 1024w, https:\/\/www.leopard.ch\/wp-content\/uploads\/2025\/09\/RCNX1609-300x211.jpg 300w, https:\/\/www.leopard.ch\/wp-content\/uploads\/2025\/09\/RCNX1609-768x540.jpg 768w, https:\/\/www.leopard.ch\/wp-content\/uploads\/2025\/09\/RCNX1609-1536x1080.jpg 1536w, https:\/\/www.leopard.ch\/wp-content\/uploads\/2025\/09\/RCNX1609.jpg 2048w\" sizes=\"auto, (max-width: 1024px) 100vw, 1024px\" \/><\/figure>\n<\/div>\n\n\n\n<div class=\"wp-block-column is-layout-flow wp-block-column-is-layout-flow\">\n<figure class=\"wp-block-image size-large is-resized\"><img loading=\"lazy\" decoding=\"async\" width=\"1024\" height=\"768\" src=\"https:\/\/www.leopard.ch\/wp-content\/uploads\/2025\/09\/IMG_0885-Large-1024x768.jpeg\" alt=\"\" class=\"wp-image-2444\" style=\"object-fit:cover;width:368px;height:auto\" srcset=\"https:\/\/www.leopard.ch\/wp-content\/uploads\/2025\/09\/IMG_0885-Large-1024x768.jpeg 1024w, https:\/\/www.leopard.ch\/wp-content\/uploads\/2025\/09\/IMG_0885-Large-300x225.jpeg 300w, https:\/\/www.leopard.ch\/wp-content\/uploads\/2025\/09\/IMG_0885-Large-768x576.jpeg 768w, https:\/\/www.leopard.ch\/wp-content\/uploads\/2025\/09\/IMG_0885-Large.jpeg 1280w\" sizes=\"auto, (max-width: 1024px) 100vw, 1024px\" \/><\/figure>\n<\/div>\n\n\n\n<div class=\"wp-block-column is-layout-flow wp-block-column-is-layout-flow\">\n<figure class=\"wp-block-image size-large\"><img loading=\"lazy\" decoding=\"async\" width=\"1024\" height=\"720\" src=\"https:\/\/www.leopard.ch\/wp-content\/uploads\/2025\/09\/RCNX2362-1-1024x720.jpg\" alt=\"\" class=\"wp-image-2443\" style=\"aspect-ratio:4\/3;object-fit:cover\" srcset=\"https:\/\/www.leopard.ch\/wp-content\/uploads\/2025\/09\/RCNX2362-1-1024x720.jpg 1024w, https:\/\/www.leopard.ch\/wp-content\/uploads\/2025\/09\/RCNX2362-1-300x211.jpg 300w, https:\/\/www.leopard.ch\/wp-content\/uploads\/2025\/09\/RCNX2362-1-768x540.jpg 768w, https:\/\/www.leopard.ch\/wp-content\/uploads\/2025\/09\/RCNX2362-1-1536x1080.jpg 1536w, https:\/\/www.leopard.ch\/wp-content\/uploads\/2025\/09\/RCNX2362-1.jpg 2048w\" sizes=\"auto, (max-width: 1024px) 100vw, 1024px\" \/><\/figure>\n<\/div>\n<\/div>\n\n\n\n<p><strong>Warum es sich lohnt beide Methoden zu kombinieren<\/strong><br>Jede Methode hat ihre eigenen St\u00e4rken. Fotofallen liefern eine kontinuierliche, langfristige \u00dcberwachung mit Bildbelegen, w\u00e4hrend Spur- und Beutez\u00e4hlungen gr\u00f6ssere Fl\u00e4chen schneller abdecken und sofortige Ergebnisse liefern. Kombiniert ergeben sie das vollst\u00e4ndigste Bild, das wir bekommen k\u00f6nnen. <br>Die Daten aus den Fotofallen k\u00f6nnen sogar dazu genutzt werden, die Ergebnisse der Spurenz\u00e4hlungen zu \u00fcberpr\u00fcfen \u2013 so stellen wir sicher, dass alles konsistent und genau ist. Zusammen helfen uns diese Ans\u00e4tze nicht nur zu verstehen, wie viele Tiere vorhanden sind, sondern auch, wie sie miteinander interagieren, wann sie aktiv sind und wie sich diese Dynamiken mit den Jahreszeiten, dem Regen oder dem Einfluss der Menschen ver\u00e4ndern.<\/p>\n\n\n\n<div class=\"wp-block-columns is-layout-flex wp-container-core-columns-is-layout-9d6595d7 wp-block-columns-is-layout-flex\">\n<div class=\"wp-block-column is-vertically-aligned-center is-layout-flow wp-block-column-is-layout-flow\">\n<p><strong>Blick in die Zukunft<\/strong><br>Auch wenn Fotofallen und Spurenz\u00e4hlungen heute das R\u00fcckgrat unserer Arbeit bilden, sucht LEC st\u00e4ndig nach neuen Wegen, die Beobachtung der Wildtiere weiter zu verbessern. In naher Zukunft wollen wir Z\u00e4hlfl\u00fcge mit Kleinflugzeugen einsetzen, um grosse Gebiete schnell zu erfassen und so einen \u00dcberblick \u00fcber die Beutetierherden in der gesamten Kalahari zu gewinnen.<br>Ausserdem pr\u00fcfen wir den Einsatz von W\u00e4rmebild-Drohnen. Diese k\u00f6nnen Tiere anhand ihrer W\u00e4rmesignaturen erkennen \u2013 selbst in dichter Vegetation oder mitten in der Nacht. Solche Technologien k\u00f6nnten unsere M\u00f6glichkeiten, scheue Arten aufzusp\u00fcren, Beutebewegungen in Echtzeit zu kartieren und schnell auf neue Naturschutz-Herausforderungen zu reagieren, erheblich verbessern.<br>Die Beobachtung der Beuteverf\u00fcgbarkeit bedeutet nicht einfach, Tiere zu z\u00e4hlen. Es geht darum, das Lebenselixier des \u00d6kosystems zu verstehen. Mit Fotofallen, Spur- und Beutez\u00e4hlungen \u2013 und bald auch aus der Luft oder per Drohne \u2013 baut LEC ein vielschichtiges Bild davon auf, wie Raubtiere und Beutetiere zusammenleben. Dieses Wissen bleibt nicht in Berichten liegen: Es fliesst direkt in Schutzstrategien ein, unterst\u00fctzt das Wildtier-Management und stellt sicher, dass sowohl Raubtiere als auch ihre Beute auch in Zukunft in der Kalahari bestehen k\u00f6nnen.<\/p>\n<\/div>\n\n\n\n<div class=\"wp-block-column is-vertically-aligned-center is-layout-flow wp-block-column-is-layout-flow\">\n<figure class=\"wp-block-image size-large is-resized\"><img loading=\"lazy\" decoding=\"async\" width=\"1024\" height=\"682\" src=\"https:\/\/www.leopard.ch\/wp-content\/uploads\/2025\/09\/IMG_2337-Large-1024x682.jpeg\" alt=\"\" class=\"wp-image-2447\" style=\"aspect-ratio:1;object-fit:cover;width:441px;height:auto\" srcset=\"https:\/\/www.leopard.ch\/wp-content\/uploads\/2025\/09\/IMG_2337-Large-1024x682.jpeg 1024w, https:\/\/www.leopard.ch\/wp-content\/uploads\/2025\/09\/IMG_2337-Large-300x200.jpeg 300w, https:\/\/www.leopard.ch\/wp-content\/uploads\/2025\/09\/IMG_2337-Large-768x512.jpeg 768w, https:\/\/www.leopard.ch\/wp-content\/uploads\/2025\/09\/IMG_2337-Large.jpeg 1280w\" sizes=\"auto, (max-width: 1024px) 100vw, 1024px\" \/><\/figure>\n<\/div>\n<\/div>\n<\/div>\n","protected":false},"excerpt":{"rendered":"<p>Das Verst\u00e4ndnis der Verf\u00fcgbarkeit von Beutetieren steht im Zentrum unserer Naturschutzarbeit. Raubtiere wie Leoparden und L\u00f6wen leben nicht isoliert \u2013 ihr \u00dcberleben h\u00e4ngt direkt von der Anzahl und den Bewegungen der Beutetiere in ihrer Umgebung ab. Wenn die Best\u00e4nde zur\u00fcckgehen oder sich verlagern, ver\u00e4ndert sich auch das Verhalten der Raubtiere. Sie passen ihre Jagdstrategien an, [&hellip;]<\/p>\n","protected":false},"author":3,"featured_media":0,"parent":2312,"menu_order":0,"comment_status":"closed","ping_status":"closed","template":"","meta":{"footnotes":""},"class_list":["post-2351","page","type-page","status-publish","czr-hentry"],"yoast_head":"<!-- This site is optimized with the Yoast SEO plugin v27.3 - https:\/\/yoast.com\/product\/yoast-seo-wordpress\/ -->\n<title>Verf\u00fcgbarkeit von Beutetieren - Leopard Ecology &amp; Conservation<\/title>\n<meta name=\"robots\" content=\"index, follow, max-snippet:-1, max-image-preview:large, max-video-preview:-1\" \/>\n<link rel=\"canonical\" href=\"https:\/\/www.leopard.ch\/index.php\/forschung\/forschungsprojekte\/beuteverfugbarkeit\/\" \/>\n<meta property=\"og:locale\" content=\"en_US\" \/>\n<meta property=\"og:type\" content=\"article\" \/>\n<meta property=\"og:title\" content=\"Verf\u00fcgbarkeit von Beutetieren - Leopard Ecology &amp; Conservation\" \/>\n<meta property=\"og:description\" content=\"Das Verst\u00e4ndnis der Verf\u00fcgbarkeit von Beutetieren steht im Zentrum unserer Naturschutzarbeit. Raubtiere wie Leoparden und L\u00f6wen leben nicht isoliert \u2013 ihr \u00dcberleben h\u00e4ngt direkt von der Anzahl und den Bewegungen der Beutetiere in ihrer Umgebung ab. Wenn die Best\u00e4nde zur\u00fcckgehen oder sich verlagern, ver\u00e4ndert sich auch das Verhalten der Raubtiere. Sie passen ihre Jagdstrategien an, [&hellip;]\" \/>\n<meta property=\"og:url\" content=\"https:\/\/www.leopard.ch\/index.php\/forschung\/forschungsprojekte\/beuteverfugbarkeit\/\" \/>\n<meta property=\"og:site_name\" content=\"Leopard Ecology &amp; Conservation\" \/>\n<meta property=\"article:modified_time\" content=\"2025-09-25T10:41:44+00:00\" \/>\n<meta property=\"og:image\" content=\"https:\/\/www.leopard.ch\/wp-content\/uploads\/2025\/09\/IMG_0889.jpeg\" \/>\n\t<meta property=\"og:image:width\" content=\"2048\" \/>\n\t<meta property=\"og:image:height\" content=\"1536\" \/>\n\t<meta property=\"og:image:type\" content=\"image\/jpeg\" \/>\n<meta name=\"twitter:card\" content=\"summary_large_image\" \/>\n<meta name=\"twitter:label1\" content=\"Est. reading time\" \/>\n\t<meta name=\"twitter:data1\" content=\"5 minutes\" \/>\n<script type=\"application\/ld+json\" class=\"yoast-schema-graph\">{\"@context\":\"https:\\\/\\\/schema.org\",\"@graph\":[{\"@type\":\"WebPage\",\"@id\":\"https:\\\/\\\/www.leopard.ch\\\/index.php\\\/forschung\\\/forschungsprojekte\\\/beuteverfugbarkeit\\\/\",\"url\":\"https:\\\/\\\/www.leopard.ch\\\/index.php\\\/forschung\\\/forschungsprojekte\\\/beuteverfugbarkeit\\\/\",\"name\":\"Verf\u00fcgbarkeit von Beutetieren - Leopard Ecology &amp; Conservation\",\"isPartOf\":{\"@id\":\"https:\\\/\\\/www.leopard.ch\\\/#website\"},\"primaryImageOfPage\":{\"@id\":\"https:\\\/\\\/www.leopard.ch\\\/index.php\\\/forschung\\\/forschungsprojekte\\\/beuteverfugbarkeit\\\/#primaryimage\"},\"image\":{\"@id\":\"https:\\\/\\\/www.leopard.ch\\\/index.php\\\/forschung\\\/forschungsprojekte\\\/beuteverfugbarkeit\\\/#primaryimage\"},\"thumbnailUrl\":\"https:\\\/\\\/www.leopard.ch\\\/wp-content\\\/uploads\\\/2025\\\/09\\\/IMG_0889-1024x768.jpeg\",\"datePublished\":\"2025-08-19T11:17:33+00:00\",\"dateModified\":\"2025-09-25T10:41:44+00:00\",\"breadcrumb\":{\"@id\":\"https:\\\/\\\/www.leopard.ch\\\/index.php\\\/forschung\\\/forschungsprojekte\\\/beuteverfugbarkeit\\\/#breadcrumb\"},\"inLanguage\":\"en-US\",\"potentialAction\":[{\"@type\":\"ReadAction\",\"target\":[\"https:\\\/\\\/www.leopard.ch\\\/index.php\\\/forschung\\\/forschungsprojekte\\\/beuteverfugbarkeit\\\/\"]}]},{\"@type\":\"ImageObject\",\"inLanguage\":\"en-US\",\"@id\":\"https:\\\/\\\/www.leopard.ch\\\/index.php\\\/forschung\\\/forschungsprojekte\\\/beuteverfugbarkeit\\\/#primaryimage\",\"url\":\"https:\\\/\\\/www.leopard.ch\\\/wp-content\\\/uploads\\\/2025\\\/09\\\/IMG_0889.jpeg\",\"contentUrl\":\"https:\\\/\\\/www.leopard.ch\\\/wp-content\\\/uploads\\\/2025\\\/09\\\/IMG_0889.jpeg\",\"width\":2048,\"height\":1536},{\"@type\":\"BreadcrumbList\",\"@id\":\"https:\\\/\\\/www.leopard.ch\\\/index.php\\\/forschung\\\/forschungsprojekte\\\/beuteverfugbarkeit\\\/#breadcrumb\",\"itemListElement\":[{\"@type\":\"ListItem\",\"position\":1,\"name\":\"Home\",\"item\":\"https:\\\/\\\/www.leopard.ch\\\/\"},{\"@type\":\"ListItem\",\"position\":2,\"name\":\"Forschung\",\"item\":\"https:\\\/\\\/www.leopard.ch\\\/index.php\\\/forschung\\\/\"},{\"@type\":\"ListItem\",\"position\":3,\"name\":\"Forschungsprojekte\",\"item\":\"https:\\\/\\\/www.leopard.ch\\\/index.php\\\/forschung\\\/forschungsprojekte\\\/\"},{\"@type\":\"ListItem\",\"position\":4,\"name\":\"Verf\u00fcgbarkeit von Beutetieren\"}]},{\"@type\":\"WebSite\",\"@id\":\"https:\\\/\\\/www.leopard.ch\\\/#website\",\"url\":\"https:\\\/\\\/www.leopard.ch\\\/\",\"name\":\"Leopard Ecology &amp; Conservation\",\"description\":\"Leopard and Lion Research\",\"publisher\":{\"@id\":\"https:\\\/\\\/www.leopard.ch\\\/#organization\"},\"potentialAction\":[{\"@type\":\"SearchAction\",\"target\":{\"@type\":\"EntryPoint\",\"urlTemplate\":\"https:\\\/\\\/www.leopard.ch\\\/?s={search_term_string}\"},\"query-input\":{\"@type\":\"PropertyValueSpecification\",\"valueRequired\":true,\"valueName\":\"search_term_string\"}}],\"inLanguage\":\"en-US\"},{\"@type\":\"Organization\",\"@id\":\"https:\\\/\\\/www.leopard.ch\\\/#organization\",\"name\":\"Leopard Ecology &amp; Conservation\",\"url\":\"https:\\\/\\\/www.leopard.ch\\\/\",\"logo\":{\"@type\":\"ImageObject\",\"inLanguage\":\"en-US\",\"@id\":\"https:\\\/\\\/www.leopard.ch\\\/#\\\/schema\\\/logo\\\/image\\\/\",\"url\":\"https:\\\/\\\/www.leopard.ch\\\/wp-content\\\/uploads\\\/2020\\\/10\\\/LECLogo_5cm_300dpi_.png\",\"contentUrl\":\"https:\\\/\\\/www.leopard.ch\\\/wp-content\\\/uploads\\\/2020\\\/10\\\/LECLogo_5cm_300dpi_.png\",\"width\":250,\"height\":250,\"caption\":\"Leopard Ecology &amp; Conservation\"},\"image\":{\"@id\":\"https:\\\/\\\/www.leopard.ch\\\/#\\\/schema\\\/logo\\\/image\\\/\"}}]}<\/script>\n<!-- \/ Yoast SEO plugin. -->","yoast_head_json":{"title":"Verf\u00fcgbarkeit von Beutetieren - Leopard Ecology &amp; Conservation","robots":{"index":"index","follow":"follow","max-snippet":"max-snippet:-1","max-image-preview":"max-image-preview:large","max-video-preview":"max-video-preview:-1"},"canonical":"https:\/\/www.leopard.ch\/index.php\/forschung\/forschungsprojekte\/beuteverfugbarkeit\/","og_locale":"en_US","og_type":"article","og_title":"Verf\u00fcgbarkeit von Beutetieren - Leopard Ecology &amp; Conservation","og_description":"Das Verst\u00e4ndnis der Verf\u00fcgbarkeit von Beutetieren steht im Zentrum unserer Naturschutzarbeit. Raubtiere wie Leoparden und L\u00f6wen leben nicht isoliert \u2013 ihr \u00dcberleben h\u00e4ngt direkt von der Anzahl und den Bewegungen der Beutetiere in ihrer Umgebung ab. Wenn die Best\u00e4nde zur\u00fcckgehen oder sich verlagern, ver\u00e4ndert sich auch das Verhalten der Raubtiere. Sie passen ihre Jagdstrategien an, [&hellip;]","og_url":"https:\/\/www.leopard.ch\/index.php\/forschung\/forschungsprojekte\/beuteverfugbarkeit\/","og_site_name":"Leopard Ecology &amp; Conservation","article_modified_time":"2025-09-25T10:41:44+00:00","og_image":[{"width":2048,"height":1536,"url":"https:\/\/www.leopard.ch\/wp-content\/uploads\/2025\/09\/IMG_0889.jpeg","type":"image\/jpeg"}],"twitter_card":"summary_large_image","twitter_misc":{"Est. reading time":"5 minutes"},"schema":{"@context":"https:\/\/schema.org","@graph":[{"@type":"WebPage","@id":"https:\/\/www.leopard.ch\/index.php\/forschung\/forschungsprojekte\/beuteverfugbarkeit\/","url":"https:\/\/www.leopard.ch\/index.php\/forschung\/forschungsprojekte\/beuteverfugbarkeit\/","name":"Verf\u00fcgbarkeit von Beutetieren - Leopard Ecology &amp; Conservation","isPartOf":{"@id":"https:\/\/www.leopard.ch\/#website"},"primaryImageOfPage":{"@id":"https:\/\/www.leopard.ch\/index.php\/forschung\/forschungsprojekte\/beuteverfugbarkeit\/#primaryimage"},"image":{"@id":"https:\/\/www.leopard.ch\/index.php\/forschung\/forschungsprojekte\/beuteverfugbarkeit\/#primaryimage"},"thumbnailUrl":"https:\/\/www.leopard.ch\/wp-content\/uploads\/2025\/09\/IMG_0889-1024x768.jpeg","datePublished":"2025-08-19T11:17:33+00:00","dateModified":"2025-09-25T10:41:44+00:00","breadcrumb":{"@id":"https:\/\/www.leopard.ch\/index.php\/forschung\/forschungsprojekte\/beuteverfugbarkeit\/#breadcrumb"},"inLanguage":"en-US","potentialAction":[{"@type":"ReadAction","target":["https:\/\/www.leopard.ch\/index.php\/forschung\/forschungsprojekte\/beuteverfugbarkeit\/"]}]},{"@type":"ImageObject","inLanguage":"en-US","@id":"https:\/\/www.leopard.ch\/index.php\/forschung\/forschungsprojekte\/beuteverfugbarkeit\/#primaryimage","url":"https:\/\/www.leopard.ch\/wp-content\/uploads\/2025\/09\/IMG_0889.jpeg","contentUrl":"https:\/\/www.leopard.ch\/wp-content\/uploads\/2025\/09\/IMG_0889.jpeg","width":2048,"height":1536},{"@type":"BreadcrumbList","@id":"https:\/\/www.leopard.ch\/index.php\/forschung\/forschungsprojekte\/beuteverfugbarkeit\/#breadcrumb","itemListElement":[{"@type":"ListItem","position":1,"name":"Home","item":"https:\/\/www.leopard.ch\/"},{"@type":"ListItem","position":2,"name":"Forschung","item":"https:\/\/www.leopard.ch\/index.php\/forschung\/"},{"@type":"ListItem","position":3,"name":"Forschungsprojekte","item":"https:\/\/www.leopard.ch\/index.php\/forschung\/forschungsprojekte\/"},{"@type":"ListItem","position":4,"name":"Verf\u00fcgbarkeit von Beutetieren"}]},{"@type":"WebSite","@id":"https:\/\/www.leopard.ch\/#website","url":"https:\/\/www.leopard.ch\/","name":"Leopard Ecology &amp; Conservation","description":"Leopard and Lion Research","publisher":{"@id":"https:\/\/www.leopard.ch\/#organization"},"potentialAction":[{"@type":"SearchAction","target":{"@type":"EntryPoint","urlTemplate":"https:\/\/www.leopard.ch\/?s={search_term_string}"},"query-input":{"@type":"PropertyValueSpecification","valueRequired":true,"valueName":"search_term_string"}}],"inLanguage":"en-US"},{"@type":"Organization","@id":"https:\/\/www.leopard.ch\/#organization","name":"Leopard Ecology &amp; Conservation","url":"https:\/\/www.leopard.ch\/","logo":{"@type":"ImageObject","inLanguage":"en-US","@id":"https:\/\/www.leopard.ch\/#\/schema\/logo\/image\/","url":"https:\/\/www.leopard.ch\/wp-content\/uploads\/2020\/10\/LECLogo_5cm_300dpi_.png","contentUrl":"https:\/\/www.leopard.ch\/wp-content\/uploads\/2020\/10\/LECLogo_5cm_300dpi_.png","width":250,"height":250,"caption":"Leopard Ecology &amp; Conservation"},"image":{"@id":"https:\/\/www.leopard.ch\/#\/schema\/logo\/image\/"}}]}},"_links":{"self":[{"href":"https:\/\/www.leopard.ch\/index.php\/wp-json\/wp\/v2\/pages\/2351","targetHints":{"allow":["GET"]}}],"collection":[{"href":"https:\/\/www.leopard.ch\/index.php\/wp-json\/wp\/v2\/pages"}],"about":[{"href":"https:\/\/www.leopard.ch\/index.php\/wp-json\/wp\/v2\/types\/page"}],"author":[{"embeddable":true,"href":"https:\/\/www.leopard.ch\/index.php\/wp-json\/wp\/v2\/users\/3"}],"replies":[{"embeddable":true,"href":"https:\/\/www.leopard.ch\/index.php\/wp-json\/wp\/v2\/comments?post=2351"}],"version-history":[{"count":4,"href":"https:\/\/www.leopard.ch\/index.php\/wp-json\/wp\/v2\/pages\/2351\/revisions"}],"predecessor-version":[{"id":2526,"href":"https:\/\/www.leopard.ch\/index.php\/wp-json\/wp\/v2\/pages\/2351\/revisions\/2526"}],"up":[{"embeddable":true,"href":"https:\/\/www.leopard.ch\/index.php\/wp-json\/wp\/v2\/pages\/2312"}],"wp:attachment":[{"href":"https:\/\/www.leopard.ch\/index.php\/wp-json\/wp\/v2\/media?parent=2351"}],"curies":[{"name":"wp","href":"https:\/\/api.w.org\/{rel}","templated":true}]}}