{"id":1989,"date":"2021-06-03T17:04:05","date_gmt":"2021-06-03T15:04:05","guid":{"rendered":"https:\/\/www.leopard.ch\/?page_id=1989"},"modified":"2025-03-12T12:52:55","modified_gmt":"2025-03-12T10:52:55","slug":"kollaborationen","status":"publish","type":"page","link":"https:\/\/www.leopard.ch\/index.php\/unterstutze-uns\/spenden_und_helfen\/werde-teil-des-lec-teams\/kollaborationen\/","title":{"rendered":"Kollaborationen"},"content":{"rendered":"\n<p>Leopard Ecology &amp; Conservation glaubt fest an die Zusammenarbeit von Forschern, Gemeinden, Institutionen und privaten Interessengruppen, um L\u00f6sungen f\u00fcr wissenschaftliche und naturschutzrelevante Herausforderungen zu finden.<\/p>\n\n\n\n<p>Hier sind einige Beispiele f\u00fcr fr\u00fchere und aktuelle Kollaborationen:<\/p>\n\n\n\n<ul class=\"wp-block-list\">\n<li>LEC hat sich der EarthRanger-Community angeschlossen, um die \u00dcberwachung von Aktivit\u00e4ten zu verbessern, arbeitet mit Conservation AI und African Carnivore Wildbook zusammen, um Arten und Individuen anhand von Kamerafallenbildern zu identifizieren, und hat GPS-Halsbanddaten auf MoveBank f\u00fcr potenzielle neue Studien gespeichert.<\/li>\n\n\n\n<li>Das Imkereiprojekt von LEC und Fondazione Zoom in der Kaudwane-Gemeinde hat sich weiterentwickelt, wobei BUAN hinzukam, um die Forschungskomponente zu verbessern. Das Projekt umfasst nun auch die \u00dcberwachung der Bl\u00fctezeit und die Erstellung einer Pollensammlung f\u00fcr lokale Pflanzenarten.<\/li>\n\n\n\n<li>Seit 2023 arbeitet LEC mit Marie-Charlotte Guilen von der UCLouvain, Belgien, an dem Projekt \u00fcber die t\u00e4gliche Reiseentfernung gro\u00dfer Pflanzenfresser zusammen, wobei das Fachwissen des LEC im Bereich der Nachverfolgung mit den analytischen F\u00e4higkeiten der UCLouvain kombiniert wird.<\/li>\n\n\n\n<li>Die Bem\u00fchungen um eine langfristige Zusammenarbeit mit lokalen Universit\u00e4ten (BUAN, BIUST) haben zu einem vollen Terminkalender mit Studienaufenthalten, praktischen Exkursionen und MSc-Projekten gef\u00fchrt.<\/li>\n\n\n\n<li>Die LEC ist ein aktives Mitglied des Botswana Carnivore Forum und hilft bei der Bereitstellung von Populationsdaten \u00fcber Grossraubtiere. Im Rahmen dieser Zusammenarbeit haben wir Daten f\u00fcr eine nationale Verbreitungskarte f\u00fcr Grossraubtiere beigesteuert und an der Erhebung im Zentral-Kalahari-Wildreservat teilgenommen, die Daten \u00fcber die Populationsdichte der Braunen Hy\u00e4ne f\u00fcr einen in Koedoe &#8211; African Protected Area Conservation and Science ver\u00f6ffentlichten Artikel \u00fcber die Bedeutung der Populationsdichte und der Verbreitung der Braunen Hy\u00e4ne in den Landschaften Botswanas lieferte.<\/li>\n\n\n\n<li>Zweimal j\u00e4hrlich f\u00fchrt das LEC im Rahmen des Birdlife Botswana Bird Population Monitoring Programme Erhebungen zu V\u00f6geln durch.<\/li>\n\n\n\n<li>Das LEC trug zur gemeinsamen Erforschung der geografischen Verbreitungsgebiete von Raubkatzen bei, einschlie\u00dflich der Bereitstellung von Kamerafallendaten, die die m\u00f6gliche Ausdehnung des Servalverbreitungsgebiets auf die Zentralkalahari unterst\u00fctzen. Die Ergebnisse wurden 2019 in CATNews ver\u00f6ffentlicht.<\/li>\n\n\n\n<li>Seit 2018 arbeitet LEC zusammen mit Professor Craig Packer und Dr. Natalia Borrego vom Lion Center der University of Minnesota an einem von National Geographic finanzierten Projekt. Das Projekt nutzt die bemerkenswerten F\u00e4higkeiten der San-F\u00e4hrtenleser bei der Interpretation von F\u00e4hrten, um die Bewegungen von L\u00f6wen w\u00e4hrend der Jagd zu rekonstruieren und so zu beurteilen, inwieweit L\u00f6wen bei Gruppenjagden kooperativ handeln.<\/li>\n\n\n\n<li>In den letzten f\u00fcnf Jahren hat LEC in Zusammenarbeit mit der Universit\u00e4t f\u00fcr Landwirtschaft und nat\u00fcrliche Ressourcen in Botswana einen Lehrgang f\u00fcr Viehz\u00fcchter und Hirten entwickelt. Der dreistufige Kurs schult Landwirte und Hirten in einer Vielzahl von Themen, darunter Tierhaltung und Weidelandmanagement. Ziel ist es, die Landwirte und Hirten zu bef\u00e4higen, fundierte Entscheidungen \u00fcber die Bewirtschaftung der verf\u00fcgbaren Ressourcen in ihrem Gebiet zu treffen, und ihnen gleichzeitig Instrumente an die Hand zu geben, um Konflikte mit Raubtieren zu minimieren. Wir hoffen, dass der Kurs 2024\/2025 die offizielle Akkreditierung der botswanischen Qualifikationsbeh\u00f6rde erhalten wird.<\/li>\n\n\n\n<li>In den Jahren 2014 und 2015 arbeitete LEC mit dem Department of Wildlife &amp; National Parks zusammen, um einen Entwurf f\u00fcr Richtlinien f\u00fcr die Umsiedlung von Problemleoparden zu entwickeln. Die Richtlinien wurden auf der Grundlage von Daten entwickelt, die bei einem zweit\u00e4gigen Umsiedlungsworkshop gesammelt wurden, zu dem mehr als 40 Wildtiermanager, Tier\u00e4rzte und Forscher aus verschiedenen Ministerien und Nichtregierungsorganisationen eingeladen waren, darunter: Problem Animal Control, Veterin\u00e4rdienste, Kalahari Research and Conservation, Cheetah Conservation Botswana, Birdlife Botswana, N\/ a&#8217; an ku se Foundation und das Namibia African Wild Dog Project.<\/li>\n<\/ul>\n\n\n\n<p>Wenn Sie daran interessiert sind, mit Leopard Ecology &amp; Conservation an einem Forschungsprojekt zusammenzuarbeiten oder einen unserer Datens\u00e4tze aus dem Khutse-Wildreservat und der s\u00fcdlichen Zentralkalahari-Region zu verwenden, f\u00fcllen Sie bitte <a href=\"https:\/\/www.leopard.ch\/wp-content\/uploads\/2024\/07\/Collaboration_application_form_LEC.docx\">dieses Formular<\/a> aus und senden Sie es an <a href=\"mailto: g.finerty@leopardecology.com\">Dr. Genevieve Finerty<\/a><a href=\"mailto: s.kalberer@leopardecology.com\">,<\/a> Mail-Betreff \u201eCollaboration with LEC\u201c.<\/p>\n","protected":false},"excerpt":{"rendered":"<p>Leopard Ecology &amp; Conservation glaubt fest an die Zusammenarbeit von Forschern, Gemeinden, Institutionen und privaten Interessengruppen, um L\u00f6sungen f\u00fcr wissenschaftliche und naturschutzrelevante Herausforderungen zu finden. Hier sind einige Beispiele f\u00fcr fr\u00fchere und aktuelle Kollaborationen: Wenn Sie daran interessiert sind, mit Leopard Ecology &amp; Conservation an einem Forschungsprojekt zusammenzuarbeiten oder einen unserer Datens\u00e4tze aus dem Khutse-Wildreservat [&hellip;]<\/p>\n","protected":false},"author":3,"featured_media":1682,"parent":1983,"menu_order":2,"comment_status":"closed","ping_status":"closed","template":"","meta":{"footnotes":""},"class_list":["post-1989","page","type-page","status-publish","has-post-thumbnail","czr-hentry"],"yoast_head":"<!-- This site is optimized with the Yoast SEO plugin v27.4 - https:\/\/yoast.com\/product\/yoast-seo-wordpress\/ -->\n<title>Kollaborationen - Leopard Ecology &amp; Conservation<\/title>\n<meta name=\"robots\" content=\"index, follow, max-snippet:-1, max-image-preview:large, max-video-preview:-1\" \/>\n<link rel=\"canonical\" href=\"https:\/\/www.leopard.ch\/index.php\/unterstutze-uns\/spenden_und_helfen\/werde-teil-des-lec-teams\/kollaborationen\/\" \/>\n<meta property=\"og:locale\" content=\"en_US\" \/>\n<meta property=\"og:type\" content=\"article\" \/>\n<meta property=\"og:title\" content=\"Kollaborationen - Leopard Ecology &amp; Conservation\" \/>\n<meta property=\"og:description\" content=\"Leopard Ecology &amp; Conservation glaubt fest an die Zusammenarbeit von Forschern, Gemeinden, Institutionen und privaten Interessengruppen, um L\u00f6sungen f\u00fcr wissenschaftliche und naturschutzrelevante Herausforderungen zu finden. Hier sind einige Beispiele f\u00fcr fr\u00fchere und aktuelle Kollaborationen: Wenn Sie daran interessiert sind, mit Leopard Ecology &amp; Conservation an einem Forschungsprojekt zusammenzuarbeiten oder einen unserer Datens\u00e4tze aus dem Khutse-Wildreservat [&hellip;]\" \/>\n<meta property=\"og:url\" content=\"https:\/\/www.leopard.ch\/index.php\/unterstutze-uns\/spenden_und_helfen\/werde-teil-des-lec-teams\/kollaborationen\/\" \/>\n<meta property=\"og:site_name\" content=\"Leopard Ecology &amp; Conservation\" \/>\n<meta property=\"article:modified_time\" content=\"2025-03-12T10:52:55+00:00\" \/>\n<meta property=\"og:image\" content=\"https:\/\/www.leopard.ch\/wp-content\/uploads\/2024\/06\/IMG_8134-Large-e1721135843964.jpeg\" \/>\n\t<meta property=\"og:image:width\" content=\"960\" \/>\n\t<meta property=\"og:image:height\" content=\"420\" \/>\n\t<meta property=\"og:image:type\" content=\"image\/jpeg\" \/>\n<meta name=\"twitter:card\" content=\"summary_large_image\" \/>\n<meta name=\"twitter:label1\" content=\"Est. reading time\" \/>\n\t<meta name=\"twitter:data1\" content=\"3 minutes\" \/>\n<script type=\"application\/ld+json\" class=\"yoast-schema-graph\">{\"@context\":\"https:\\\/\\\/schema.org\",\"@graph\":[{\"@type\":\"WebPage\",\"@id\":\"https:\\\/\\\/www.leopard.ch\\\/index.php\\\/unterstutze-uns\\\/spenden_und_helfen\\\/werde-teil-des-lec-teams\\\/kollaborationen\\\/\",\"url\":\"https:\\\/\\\/www.leopard.ch\\\/index.php\\\/unterstutze-uns\\\/spenden_und_helfen\\\/werde-teil-des-lec-teams\\\/kollaborationen\\\/\",\"name\":\"Kollaborationen - Leopard Ecology &amp; Conservation\",\"isPartOf\":{\"@id\":\"https:\\\/\\\/www.leopard.ch\\\/#website\"},\"primaryImageOfPage\":{\"@id\":\"https:\\\/\\\/www.leopard.ch\\\/index.php\\\/unterstutze-uns\\\/spenden_und_helfen\\\/werde-teil-des-lec-teams\\\/kollaborationen\\\/#primaryimage\"},\"image\":{\"@id\":\"https:\\\/\\\/www.leopard.ch\\\/index.php\\\/unterstutze-uns\\\/spenden_und_helfen\\\/werde-teil-des-lec-teams\\\/kollaborationen\\\/#primaryimage\"},\"thumbnailUrl\":\"https:\\\/\\\/www.leopard.ch\\\/wp-content\\\/uploads\\\/2024\\\/06\\\/IMG_8134-Large-e1721135843964.jpeg\",\"datePublished\":\"2021-06-03T15:04:05+00:00\",\"dateModified\":\"2025-03-12T10:52:55+00:00\",\"breadcrumb\":{\"@id\":\"https:\\\/\\\/www.leopard.ch\\\/index.php\\\/unterstutze-uns\\\/spenden_und_helfen\\\/werde-teil-des-lec-teams\\\/kollaborationen\\\/#breadcrumb\"},\"inLanguage\":\"en-US\",\"potentialAction\":[{\"@type\":\"ReadAction\",\"target\":[\"https:\\\/\\\/www.leopard.ch\\\/index.php\\\/unterstutze-uns\\\/spenden_und_helfen\\\/werde-teil-des-lec-teams\\\/kollaborationen\\\/\"]}]},{\"@type\":\"ImageObject\",\"inLanguage\":\"en-US\",\"@id\":\"https:\\\/\\\/www.leopard.ch\\\/index.php\\\/unterstutze-uns\\\/spenden_und_helfen\\\/werde-teil-des-lec-teams\\\/kollaborationen\\\/#primaryimage\",\"url\":\"https:\\\/\\\/www.leopard.ch\\\/wp-content\\\/uploads\\\/2024\\\/06\\\/IMG_8134-Large-e1721135843964.jpeg\",\"contentUrl\":\"https:\\\/\\\/www.leopard.ch\\\/wp-content\\\/uploads\\\/2024\\\/06\\\/IMG_8134-Large-e1721135843964.jpeg\",\"width\":960,\"height\":420},{\"@type\":\"BreadcrumbList\",\"@id\":\"https:\\\/\\\/www.leopard.ch\\\/index.php\\\/unterstutze-uns\\\/spenden_und_helfen\\\/werde-teil-des-lec-teams\\\/kollaborationen\\\/#breadcrumb\",\"itemListElement\":[{\"@type\":\"ListItem\",\"position\":1,\"name\":\"Home\",\"item\":\"https:\\\/\\\/www.leopard.ch\\\/\"},{\"@type\":\"ListItem\",\"position\":2,\"name\":\"Unterst\u00fctze uns!\",\"item\":\"https:\\\/\\\/www.leopard.ch\\\/index.php\\\/unterstutze-uns\\\/\"},{\"@type\":\"ListItem\",\"position\":3,\"name\":\"Spenden &#038; Helfen\",\"item\":\"https:\\\/\\\/www.leopard.ch\\\/index.php\\\/unterstutze-uns\\\/spenden_und_helfen\\\/\"},{\"@type\":\"ListItem\",\"position\":4,\"name\":\"Werde Teil des LEC Teams\",\"item\":\"https:\\\/\\\/www.leopard.ch\\\/index.php\\\/unterstutze-uns\\\/spenden_und_helfen\\\/werde-teil-des-lec-teams\\\/\"},{\"@type\":\"ListItem\",\"position\":5,\"name\":\"Kollaborationen\"}]},{\"@type\":\"WebSite\",\"@id\":\"https:\\\/\\\/www.leopard.ch\\\/#website\",\"url\":\"https:\\\/\\\/www.leopard.ch\\\/\",\"name\":\"Leopard Ecology &amp; Conservation\",\"description\":\"Leopard and Lion Research\",\"publisher\":{\"@id\":\"https:\\\/\\\/www.leopard.ch\\\/#organization\"},\"potentialAction\":[{\"@type\":\"SearchAction\",\"target\":{\"@type\":\"EntryPoint\",\"urlTemplate\":\"https:\\\/\\\/www.leopard.ch\\\/?s={search_term_string}\"},\"query-input\":{\"@type\":\"PropertyValueSpecification\",\"valueRequired\":true,\"valueName\":\"search_term_string\"}}],\"inLanguage\":\"en-US\"},{\"@type\":\"Organization\",\"@id\":\"https:\\\/\\\/www.leopard.ch\\\/#organization\",\"name\":\"Leopard Ecology &amp; Conservation\",\"url\":\"https:\\\/\\\/www.leopard.ch\\\/\",\"logo\":{\"@type\":\"ImageObject\",\"inLanguage\":\"en-US\",\"@id\":\"https:\\\/\\\/www.leopard.ch\\\/#\\\/schema\\\/logo\\\/image\\\/\",\"url\":\"https:\\\/\\\/www.leopard.ch\\\/wp-content\\\/uploads\\\/2020\\\/10\\\/LECLogo_5cm_300dpi_.png\",\"contentUrl\":\"https:\\\/\\\/www.leopard.ch\\\/wp-content\\\/uploads\\\/2020\\\/10\\\/LECLogo_5cm_300dpi_.png\",\"width\":250,\"height\":250,\"caption\":\"Leopard Ecology &amp; Conservation\"},\"image\":{\"@id\":\"https:\\\/\\\/www.leopard.ch\\\/#\\\/schema\\\/logo\\\/image\\\/\"}}]}<\/script>\n<!-- \/ Yoast SEO plugin. -->","yoast_head_json":{"title":"Kollaborationen - Leopard Ecology &amp; Conservation","robots":{"index":"index","follow":"follow","max-snippet":"max-snippet:-1","max-image-preview":"max-image-preview:large","max-video-preview":"max-video-preview:-1"},"canonical":"https:\/\/www.leopard.ch\/index.php\/unterstutze-uns\/spenden_und_helfen\/werde-teil-des-lec-teams\/kollaborationen\/","og_locale":"en_US","og_type":"article","og_title":"Kollaborationen - Leopard Ecology &amp; Conservation","og_description":"Leopard Ecology &amp; Conservation glaubt fest an die Zusammenarbeit von Forschern, Gemeinden, Institutionen und privaten Interessengruppen, um L\u00f6sungen f\u00fcr wissenschaftliche und naturschutzrelevante Herausforderungen zu finden. Hier sind einige Beispiele f\u00fcr fr\u00fchere und aktuelle Kollaborationen: Wenn Sie daran interessiert sind, mit Leopard Ecology &amp; Conservation an einem Forschungsprojekt zusammenzuarbeiten oder einen unserer Datens\u00e4tze aus dem Khutse-Wildreservat [&hellip;]","og_url":"https:\/\/www.leopard.ch\/index.php\/unterstutze-uns\/spenden_und_helfen\/werde-teil-des-lec-teams\/kollaborationen\/","og_site_name":"Leopard Ecology &amp; Conservation","article_modified_time":"2025-03-12T10:52:55+00:00","og_image":[{"width":960,"height":420,"url":"https:\/\/www.leopard.ch\/wp-content\/uploads\/2024\/06\/IMG_8134-Large-e1721135843964.jpeg","type":"image\/jpeg"}],"twitter_card":"summary_large_image","twitter_misc":{"Est. reading time":"3 minutes"},"schema":{"@context":"https:\/\/schema.org","@graph":[{"@type":"WebPage","@id":"https:\/\/www.leopard.ch\/index.php\/unterstutze-uns\/spenden_und_helfen\/werde-teil-des-lec-teams\/kollaborationen\/","url":"https:\/\/www.leopard.ch\/index.php\/unterstutze-uns\/spenden_und_helfen\/werde-teil-des-lec-teams\/kollaborationen\/","name":"Kollaborationen - Leopard Ecology &amp; Conservation","isPartOf":{"@id":"https:\/\/www.leopard.ch\/#website"},"primaryImageOfPage":{"@id":"https:\/\/www.leopard.ch\/index.php\/unterstutze-uns\/spenden_und_helfen\/werde-teil-des-lec-teams\/kollaborationen\/#primaryimage"},"image":{"@id":"https:\/\/www.leopard.ch\/index.php\/unterstutze-uns\/spenden_und_helfen\/werde-teil-des-lec-teams\/kollaborationen\/#primaryimage"},"thumbnailUrl":"https:\/\/www.leopard.ch\/wp-content\/uploads\/2024\/06\/IMG_8134-Large-e1721135843964.jpeg","datePublished":"2021-06-03T15:04:05+00:00","dateModified":"2025-03-12T10:52:55+00:00","breadcrumb":{"@id":"https:\/\/www.leopard.ch\/index.php\/unterstutze-uns\/spenden_und_helfen\/werde-teil-des-lec-teams\/kollaborationen\/#breadcrumb"},"inLanguage":"en-US","potentialAction":[{"@type":"ReadAction","target":["https:\/\/www.leopard.ch\/index.php\/unterstutze-uns\/spenden_und_helfen\/werde-teil-des-lec-teams\/kollaborationen\/"]}]},{"@type":"ImageObject","inLanguage":"en-US","@id":"https:\/\/www.leopard.ch\/index.php\/unterstutze-uns\/spenden_und_helfen\/werde-teil-des-lec-teams\/kollaborationen\/#primaryimage","url":"https:\/\/www.leopard.ch\/wp-content\/uploads\/2024\/06\/IMG_8134-Large-e1721135843964.jpeg","contentUrl":"https:\/\/www.leopard.ch\/wp-content\/uploads\/2024\/06\/IMG_8134-Large-e1721135843964.jpeg","width":960,"height":420},{"@type":"BreadcrumbList","@id":"https:\/\/www.leopard.ch\/index.php\/unterstutze-uns\/spenden_und_helfen\/werde-teil-des-lec-teams\/kollaborationen\/#breadcrumb","itemListElement":[{"@type":"ListItem","position":1,"name":"Home","item":"https:\/\/www.leopard.ch\/"},{"@type":"ListItem","position":2,"name":"Unterst\u00fctze uns!","item":"https:\/\/www.leopard.ch\/index.php\/unterstutze-uns\/"},{"@type":"ListItem","position":3,"name":"Spenden &#038; Helfen","item":"https:\/\/www.leopard.ch\/index.php\/unterstutze-uns\/spenden_und_helfen\/"},{"@type":"ListItem","position":4,"name":"Werde Teil des LEC Teams","item":"https:\/\/www.leopard.ch\/index.php\/unterstutze-uns\/spenden_und_helfen\/werde-teil-des-lec-teams\/"},{"@type":"ListItem","position":5,"name":"Kollaborationen"}]},{"@type":"WebSite","@id":"https:\/\/www.leopard.ch\/#website","url":"https:\/\/www.leopard.ch\/","name":"Leopard Ecology &amp; Conservation","description":"Leopard and Lion Research","publisher":{"@id":"https:\/\/www.leopard.ch\/#organization"},"potentialAction":[{"@type":"SearchAction","target":{"@type":"EntryPoint","urlTemplate":"https:\/\/www.leopard.ch\/?s={search_term_string}"},"query-input":{"@type":"PropertyValueSpecification","valueRequired":true,"valueName":"search_term_string"}}],"inLanguage":"en-US"},{"@type":"Organization","@id":"https:\/\/www.leopard.ch\/#organization","name":"Leopard Ecology &amp; Conservation","url":"https:\/\/www.leopard.ch\/","logo":{"@type":"ImageObject","inLanguage":"en-US","@id":"https:\/\/www.leopard.ch\/#\/schema\/logo\/image\/","url":"https:\/\/www.leopard.ch\/wp-content\/uploads\/2020\/10\/LECLogo_5cm_300dpi_.png","contentUrl":"https:\/\/www.leopard.ch\/wp-content\/uploads\/2020\/10\/LECLogo_5cm_300dpi_.png","width":250,"height":250,"caption":"Leopard Ecology &amp; Conservation"},"image":{"@id":"https:\/\/www.leopard.ch\/#\/schema\/logo\/image\/"}}]}},"_links":{"self":[{"href":"https:\/\/www.leopard.ch\/index.php\/wp-json\/wp\/v2\/pages\/1989","targetHints":{"allow":["GET"]}}],"collection":[{"href":"https:\/\/www.leopard.ch\/index.php\/wp-json\/wp\/v2\/pages"}],"about":[{"href":"https:\/\/www.leopard.ch\/index.php\/wp-json\/wp\/v2\/types\/page"}],"author":[{"embeddable":true,"href":"https:\/\/www.leopard.ch\/index.php\/wp-json\/wp\/v2\/users\/3"}],"replies":[{"embeddable":true,"href":"https:\/\/www.leopard.ch\/index.php\/wp-json\/wp\/v2\/comments?post=1989"}],"version-history":[{"count":4,"href":"https:\/\/www.leopard.ch\/index.php\/wp-json\/wp\/v2\/pages\/1989\/revisions"}],"predecessor-version":[{"id":2096,"href":"https:\/\/www.leopard.ch\/index.php\/wp-json\/wp\/v2\/pages\/1989\/revisions\/2096"}],"up":[{"embeddable":true,"href":"https:\/\/www.leopard.ch\/index.php\/wp-json\/wp\/v2\/pages\/1983"}],"wp:featuredmedia":[{"embeddable":true,"href":"https:\/\/www.leopard.ch\/index.php\/wp-json\/wp\/v2\/media\/1682"}],"wp:attachment":[{"href":"https:\/\/www.leopard.ch\/index.php\/wp-json\/wp\/v2\/media?parent=1989"}],"curies":[{"name":"wp","href":"https:\/\/api.w.org\/{rel}","templated":true}]}}