{"id":1978,"date":"2024-06-25T15:42:59","date_gmt":"2024-06-25T13:42:59","guid":{"rendered":"https:\/\/www.leopard.ch\/?page_id=1978"},"modified":"2025-04-29T16:41:15","modified_gmt":"2025-04-29T14:41:15","slug":"spenden_und_helfen","status":"publish","type":"page","link":"https:\/\/www.leopard.ch\/index.php\/unterstutze-uns\/spenden_und_helfen\/","title":{"rendered":"Spenden &#038; Helfen"},"content":{"rendered":"\n<p>Helfen Sie mit, Leoparden und L\u00f6wen in der Kalahari zu sch\u00fctzen und ihr einzigartiges \u00d6kosystem zu erhalten!<\/p>\n\n\n\n<p>Ihre Unterst\u00fctzung ist entscheidend f\u00fcr die Erhaltung einer gesunden Leoparden- und L\u00f6wenpopulation. Wir engagieren uns in den Bereichen Forschung, Bildung und kommunaler Naturschutz. Gemeinsam k\u00f6nnen wir daf\u00fcr sorgen, dass diese beeindruckenden Tiere weiterhin in der Kalahari leben k\u00f6nnen, und gleichzeitig eine nachhaltige Koexistenz mit den lokalen Gemeinschaften f\u00f6rdern. Helfen Sie uns, einen nachhaltigen Beitrag zu leisten!<\/p>\n\n\n\n<p>Unterst\u00fctzen Sie uns mit einer Spende oder indem Sie direkt bei LEC aktiv werden.<\/p>\n\n\n\n<div class=\"wp-block-columns is-layout-flex wp-container-core-columns-is-layout-9d6595d7 wp-block-columns-is-layout-flex\">\n<div class=\"wp-block-column is-layout-flow wp-block-column-is-layout-flow\">\n<figure class=\"wp-block-image size-large\"><a href=\"https:\/\/www.leopard.ch\/index.php\/jetzt-spenden\/\"><img loading=\"lazy\" decoding=\"async\" width=\"1024\" height=\"683\" src=\"https:\/\/www.leopard.ch\/wp-content\/uploads\/2024\/07\/00_Inkara_PI-3_title-Large_deutsch-1024x683.jpg\" alt=\"\" class=\"wp-image-1979\" srcset=\"https:\/\/www.leopard.ch\/wp-content\/uploads\/2024\/07\/00_Inkara_PI-3_title-Large_deutsch-1024x683.jpg 1024w, https:\/\/www.leopard.ch\/wp-content\/uploads\/2024\/07\/00_Inkara_PI-3_title-Large_deutsch-300x200.jpg 300w, https:\/\/www.leopard.ch\/wp-content\/uploads\/2024\/07\/00_Inkara_PI-3_title-Large_deutsch-768x512.jpg 768w, https:\/\/www.leopard.ch\/wp-content\/uploads\/2024\/07\/00_Inkara_PI-3_title-Large_deutsch.jpg 1203w\" sizes=\"auto, (max-width: 1024px) 100vw, 1024px\" \/><\/a><\/figure>\n<\/div>\n\n\n\n<div class=\"wp-block-column is-layout-flow wp-block-column-is-layout-flow\">\n<figure class=\"wp-block-image size-large\"><a href=\"https:\/\/www.leopard.ch\/index.php\/unterstutze-uns\/spenden_und_helfen\/werde-teil-des-lec-teams\/\"><img loading=\"lazy\" decoding=\"async\" width=\"1024\" height=\"683\" src=\"https:\/\/www.leopard.ch\/wp-content\/uploads\/2025\/04\/DSC05785-Large_Get_involved_deutsch_new-1024x683.jpg\" alt=\"\" class=\"wp-image-2134\" srcset=\"https:\/\/www.leopard.ch\/wp-content\/uploads\/2025\/04\/DSC05785-Large_Get_involved_deutsch_new-1024x683.jpg 1024w, https:\/\/www.leopard.ch\/wp-content\/uploads\/2025\/04\/DSC05785-Large_Get_involved_deutsch_new-300x200.jpg 300w, https:\/\/www.leopard.ch\/wp-content\/uploads\/2025\/04\/DSC05785-Large_Get_involved_deutsch_new-768x512.jpg 768w, https:\/\/www.leopard.ch\/wp-content\/uploads\/2025\/04\/DSC05785-Large_Get_involved_deutsch_new.jpg 1203w\" sizes=\"auto, (max-width: 1024px) 100vw, 1024px\" \/><\/a><\/figure>\n<\/div>\n<\/div>\n\n\n\n<h2 class=\"wp-block-heading\">Wir sind f\u00fcr Sie da<\/h2>\n\n\n\n<p>Sie haben eine Frage, die auf der Website nicht beantwortet wird oder einen speziellen Wunsch? Wir freuen uns auf Ihre Anfrage.<\/p>\n\n\n\n<div class=\"wp-block-buttons is-layout-flex wp-block-buttons-is-layout-flex\">\n<div class=\"wp-block-button\"><a class=\"wp-block-button__link has-background wp-element-button\" href=\"https:\/\/www.leopard.ch\/index.php\/en\/contact-us\/\" style=\"background-color:#c38933\">Contact us<\/a><\/div>\n<\/div>\n","protected":false},"excerpt":{"rendered":"<p>Helfen Sie mit, Leoparden und L\u00f6wen in der Kalahari zu sch\u00fctzen und ihr einzigartiges \u00d6kosystem zu erhalten! Ihre Unterst\u00fctzung ist entscheidend f\u00fcr die Erhaltung einer gesunden Leoparden- und L\u00f6wenpopulation. Wir engagieren uns in den Bereichen Forschung, Bildung und kommunaler Naturschutz. Gemeinsam k\u00f6nnen wir daf\u00fcr sorgen, dass diese beeindruckenden Tiere weiterhin in der Kalahari leben k\u00f6nnen, [&hellip;]<\/p>\n","protected":false},"author":3,"featured_media":1772,"parent":162,"menu_order":0,"comment_status":"closed","ping_status":"closed","template":"","meta":{"footnotes":""},"class_list":["post-1978","page","type-page","status-publish","has-post-thumbnail","czr-hentry"],"yoast_head":"<!-- This site is optimized with the Yoast SEO plugin v27.3 - https:\/\/yoast.com\/product\/yoast-seo-wordpress\/ -->\n<title>Spenden &amp; Helfen - Leopard Ecology &amp; Conservation<\/title>\n<meta name=\"robots\" content=\"index, follow, max-snippet:-1, max-image-preview:large, max-video-preview:-1\" \/>\n<link rel=\"canonical\" href=\"https:\/\/www.leopard.ch\/index.php\/unterstutze-uns\/spenden_und_helfen\/\" \/>\n<meta property=\"og:locale\" content=\"en_US\" \/>\n<meta property=\"og:type\" content=\"article\" \/>\n<meta property=\"og:title\" content=\"Spenden &amp; Helfen - Leopard Ecology &amp; Conservation\" \/>\n<meta property=\"og:description\" content=\"Helfen Sie mit, Leoparden und L\u00f6wen in der Kalahari zu sch\u00fctzen und ihr einzigartiges \u00d6kosystem zu erhalten! Ihre Unterst\u00fctzung ist entscheidend f\u00fcr die Erhaltung einer gesunden Leoparden- und L\u00f6wenpopulation. Wir engagieren uns in den Bereichen Forschung, Bildung und kommunaler Naturschutz. Gemeinsam k\u00f6nnen wir daf\u00fcr sorgen, dass diese beeindruckenden Tiere weiterhin in der Kalahari leben k\u00f6nnen, [&hellip;]\" \/>\n<meta property=\"og:url\" content=\"https:\/\/www.leopard.ch\/index.php\/unterstutze-uns\/spenden_und_helfen\/\" \/>\n<meta property=\"og:site_name\" content=\"Leopard Ecology &amp; Conservation\" \/>\n<meta property=\"article:modified_time\" content=\"2025-04-29T14:41:15+00:00\" \/>\n<meta property=\"og:image\" content=\"https:\/\/www.leopard.ch\/wp-content\/uploads\/2024\/06\/IMG_5169-Large.jpeg\" \/>\n\t<meta property=\"og:image:width\" content=\"1280\" \/>\n\t<meta property=\"og:image:height\" content=\"365\" \/>\n\t<meta property=\"og:image:type\" content=\"image\/jpeg\" \/>\n<meta name=\"twitter:card\" content=\"summary_large_image\" \/>\n<meta name=\"twitter:label1\" content=\"Est. reading time\" \/>\n\t<meta name=\"twitter:data1\" content=\"2 minutes\" \/>\n<script type=\"application\/ld+json\" class=\"yoast-schema-graph\">{\"@context\":\"https:\\\/\\\/schema.org\",\"@graph\":[{\"@type\":\"WebPage\",\"@id\":\"https:\\\/\\\/www.leopard.ch\\\/index.php\\\/unterstutze-uns\\\/spenden_und_helfen\\\/\",\"url\":\"https:\\\/\\\/www.leopard.ch\\\/index.php\\\/unterstutze-uns\\\/spenden_und_helfen\\\/\",\"name\":\"Spenden & Helfen - Leopard Ecology &amp; Conservation\",\"isPartOf\":{\"@id\":\"https:\\\/\\\/www.leopard.ch\\\/#website\"},\"primaryImageOfPage\":{\"@id\":\"https:\\\/\\\/www.leopard.ch\\\/index.php\\\/unterstutze-uns\\\/spenden_und_helfen\\\/#primaryimage\"},\"image\":{\"@id\":\"https:\\\/\\\/www.leopard.ch\\\/index.php\\\/unterstutze-uns\\\/spenden_und_helfen\\\/#primaryimage\"},\"thumbnailUrl\":\"https:\\\/\\\/www.leopard.ch\\\/wp-content\\\/uploads\\\/2024\\\/06\\\/IMG_5169-Large.jpeg\",\"datePublished\":\"2024-06-25T13:42:59+00:00\",\"dateModified\":\"2025-04-29T14:41:15+00:00\",\"breadcrumb\":{\"@id\":\"https:\\\/\\\/www.leopard.ch\\\/index.php\\\/unterstutze-uns\\\/spenden_und_helfen\\\/#breadcrumb\"},\"inLanguage\":\"en-US\",\"potentialAction\":[{\"@type\":\"ReadAction\",\"target\":[\"https:\\\/\\\/www.leopard.ch\\\/index.php\\\/unterstutze-uns\\\/spenden_und_helfen\\\/\"]}]},{\"@type\":\"ImageObject\",\"inLanguage\":\"en-US\",\"@id\":\"https:\\\/\\\/www.leopard.ch\\\/index.php\\\/unterstutze-uns\\\/spenden_und_helfen\\\/#primaryimage\",\"url\":\"https:\\\/\\\/www.leopard.ch\\\/wp-content\\\/uploads\\\/2024\\\/06\\\/IMG_5169-Large.jpeg\",\"contentUrl\":\"https:\\\/\\\/www.leopard.ch\\\/wp-content\\\/uploads\\\/2024\\\/06\\\/IMG_5169-Large.jpeg\",\"width\":1280,\"height\":365},{\"@type\":\"BreadcrumbList\",\"@id\":\"https:\\\/\\\/www.leopard.ch\\\/index.php\\\/unterstutze-uns\\\/spenden_und_helfen\\\/#breadcrumb\",\"itemListElement\":[{\"@type\":\"ListItem\",\"position\":1,\"name\":\"Home\",\"item\":\"https:\\\/\\\/www.leopard.ch\\\/\"},{\"@type\":\"ListItem\",\"position\":2,\"name\":\"Unterst\u00fctze uns!\",\"item\":\"https:\\\/\\\/www.leopard.ch\\\/index.php\\\/unterstutze-uns\\\/\"},{\"@type\":\"ListItem\",\"position\":3,\"name\":\"Spenden &#038; Helfen\"}]},{\"@type\":\"WebSite\",\"@id\":\"https:\\\/\\\/www.leopard.ch\\\/#website\",\"url\":\"https:\\\/\\\/www.leopard.ch\\\/\",\"name\":\"Leopard Ecology &amp; Conservation\",\"description\":\"Leopard and Lion Research\",\"publisher\":{\"@id\":\"https:\\\/\\\/www.leopard.ch\\\/#organization\"},\"potentialAction\":[{\"@type\":\"SearchAction\",\"target\":{\"@type\":\"EntryPoint\",\"urlTemplate\":\"https:\\\/\\\/www.leopard.ch\\\/?s={search_term_string}\"},\"query-input\":{\"@type\":\"PropertyValueSpecification\",\"valueRequired\":true,\"valueName\":\"search_term_string\"}}],\"inLanguage\":\"en-US\"},{\"@type\":\"Organization\",\"@id\":\"https:\\\/\\\/www.leopard.ch\\\/#organization\",\"name\":\"Leopard Ecology &amp; Conservation\",\"url\":\"https:\\\/\\\/www.leopard.ch\\\/\",\"logo\":{\"@type\":\"ImageObject\",\"inLanguage\":\"en-US\",\"@id\":\"https:\\\/\\\/www.leopard.ch\\\/#\\\/schema\\\/logo\\\/image\\\/\",\"url\":\"https:\\\/\\\/www.leopard.ch\\\/wp-content\\\/uploads\\\/2020\\\/10\\\/LECLogo_5cm_300dpi_.png\",\"contentUrl\":\"https:\\\/\\\/www.leopard.ch\\\/wp-content\\\/uploads\\\/2020\\\/10\\\/LECLogo_5cm_300dpi_.png\",\"width\":250,\"height\":250,\"caption\":\"Leopard Ecology &amp; Conservation\"},\"image\":{\"@id\":\"https:\\\/\\\/www.leopard.ch\\\/#\\\/schema\\\/logo\\\/image\\\/\"}}]}<\/script>\n<!-- \/ Yoast SEO plugin. -->","yoast_head_json":{"title":"Spenden & Helfen - Leopard Ecology &amp; Conservation","robots":{"index":"index","follow":"follow","max-snippet":"max-snippet:-1","max-image-preview":"max-image-preview:large","max-video-preview":"max-video-preview:-1"},"canonical":"https:\/\/www.leopard.ch\/index.php\/unterstutze-uns\/spenden_und_helfen\/","og_locale":"en_US","og_type":"article","og_title":"Spenden & Helfen - Leopard Ecology &amp; Conservation","og_description":"Helfen Sie mit, Leoparden und L\u00f6wen in der Kalahari zu sch\u00fctzen und ihr einzigartiges \u00d6kosystem zu erhalten! Ihre Unterst\u00fctzung ist entscheidend f\u00fcr die Erhaltung einer gesunden Leoparden- und L\u00f6wenpopulation. Wir engagieren uns in den Bereichen Forschung, Bildung und kommunaler Naturschutz. Gemeinsam k\u00f6nnen wir daf\u00fcr sorgen, dass diese beeindruckenden Tiere weiterhin in der Kalahari leben k\u00f6nnen, [&hellip;]","og_url":"https:\/\/www.leopard.ch\/index.php\/unterstutze-uns\/spenden_und_helfen\/","og_site_name":"Leopard Ecology &amp; Conservation","article_modified_time":"2025-04-29T14:41:15+00:00","og_image":[{"width":1280,"height":365,"url":"https:\/\/www.leopard.ch\/wp-content\/uploads\/2024\/06\/IMG_5169-Large.jpeg","type":"image\/jpeg"}],"twitter_card":"summary_large_image","twitter_misc":{"Est. reading time":"2 minutes"},"schema":{"@context":"https:\/\/schema.org","@graph":[{"@type":"WebPage","@id":"https:\/\/www.leopard.ch\/index.php\/unterstutze-uns\/spenden_und_helfen\/","url":"https:\/\/www.leopard.ch\/index.php\/unterstutze-uns\/spenden_und_helfen\/","name":"Spenden & Helfen - Leopard Ecology &amp; Conservation","isPartOf":{"@id":"https:\/\/www.leopard.ch\/#website"},"primaryImageOfPage":{"@id":"https:\/\/www.leopard.ch\/index.php\/unterstutze-uns\/spenden_und_helfen\/#primaryimage"},"image":{"@id":"https:\/\/www.leopard.ch\/index.php\/unterstutze-uns\/spenden_und_helfen\/#primaryimage"},"thumbnailUrl":"https:\/\/www.leopard.ch\/wp-content\/uploads\/2024\/06\/IMG_5169-Large.jpeg","datePublished":"2024-06-25T13:42:59+00:00","dateModified":"2025-04-29T14:41:15+00:00","breadcrumb":{"@id":"https:\/\/www.leopard.ch\/index.php\/unterstutze-uns\/spenden_und_helfen\/#breadcrumb"},"inLanguage":"en-US","potentialAction":[{"@type":"ReadAction","target":["https:\/\/www.leopard.ch\/index.php\/unterstutze-uns\/spenden_und_helfen\/"]}]},{"@type":"ImageObject","inLanguage":"en-US","@id":"https:\/\/www.leopard.ch\/index.php\/unterstutze-uns\/spenden_und_helfen\/#primaryimage","url":"https:\/\/www.leopard.ch\/wp-content\/uploads\/2024\/06\/IMG_5169-Large.jpeg","contentUrl":"https:\/\/www.leopard.ch\/wp-content\/uploads\/2024\/06\/IMG_5169-Large.jpeg","width":1280,"height":365},{"@type":"BreadcrumbList","@id":"https:\/\/www.leopard.ch\/index.php\/unterstutze-uns\/spenden_und_helfen\/#breadcrumb","itemListElement":[{"@type":"ListItem","position":1,"name":"Home","item":"https:\/\/www.leopard.ch\/"},{"@type":"ListItem","position":2,"name":"Unterst\u00fctze uns!","item":"https:\/\/www.leopard.ch\/index.php\/unterstutze-uns\/"},{"@type":"ListItem","position":3,"name":"Spenden &#038; Helfen"}]},{"@type":"WebSite","@id":"https:\/\/www.leopard.ch\/#website","url":"https:\/\/www.leopard.ch\/","name":"Leopard Ecology &amp; Conservation","description":"Leopard and Lion Research","publisher":{"@id":"https:\/\/www.leopard.ch\/#organization"},"potentialAction":[{"@type":"SearchAction","target":{"@type":"EntryPoint","urlTemplate":"https:\/\/www.leopard.ch\/?s={search_term_string}"},"query-input":{"@type":"PropertyValueSpecification","valueRequired":true,"valueName":"search_term_string"}}],"inLanguage":"en-US"},{"@type":"Organization","@id":"https:\/\/www.leopard.ch\/#organization","name":"Leopard Ecology &amp; Conservation","url":"https:\/\/www.leopard.ch\/","logo":{"@type":"ImageObject","inLanguage":"en-US","@id":"https:\/\/www.leopard.ch\/#\/schema\/logo\/image\/","url":"https:\/\/www.leopard.ch\/wp-content\/uploads\/2020\/10\/LECLogo_5cm_300dpi_.png","contentUrl":"https:\/\/www.leopard.ch\/wp-content\/uploads\/2020\/10\/LECLogo_5cm_300dpi_.png","width":250,"height":250,"caption":"Leopard Ecology &amp; Conservation"},"image":{"@id":"https:\/\/www.leopard.ch\/#\/schema\/logo\/image\/"}}]}},"_links":{"self":[{"href":"https:\/\/www.leopard.ch\/index.php\/wp-json\/wp\/v2\/pages\/1978","targetHints":{"allow":["GET"]}}],"collection":[{"href":"https:\/\/www.leopard.ch\/index.php\/wp-json\/wp\/v2\/pages"}],"about":[{"href":"https:\/\/www.leopard.ch\/index.php\/wp-json\/wp\/v2\/types\/page"}],"author":[{"embeddable":true,"href":"https:\/\/www.leopard.ch\/index.php\/wp-json\/wp\/v2\/users\/3"}],"replies":[{"embeddable":true,"href":"https:\/\/www.leopard.ch\/index.php\/wp-json\/wp\/v2\/comments?post=1978"}],"version-history":[{"count":6,"href":"https:\/\/www.leopard.ch\/index.php\/wp-json\/wp\/v2\/pages\/1978\/revisions"}],"predecessor-version":[{"id":2137,"href":"https:\/\/www.leopard.ch\/index.php\/wp-json\/wp\/v2\/pages\/1978\/revisions\/2137"}],"up":[{"embeddable":true,"href":"https:\/\/www.leopard.ch\/index.php\/wp-json\/wp\/v2\/pages\/162"}],"wp:featuredmedia":[{"embeddable":true,"href":"https:\/\/www.leopard.ch\/index.php\/wp-json\/wp\/v2\/media\/1772"}],"wp:attachment":[{"href":"https:\/\/www.leopard.ch\/index.php\/wp-json\/wp\/v2\/media?parent=1978"}],"curies":[{"name":"wp","href":"https:\/\/api.w.org\/{rel}","templated":true}]}}