{"id":1087,"date":"2020-11-25T00:30:42","date_gmt":"2020-11-24T22:30:42","guid":{"rendered":"https:\/\/www.leopardsql.com\/?page_id=1087"},"modified":"2020-11-25T18:48:21","modified_gmt":"2020-11-25T16:48:21","slug":"satelliten-telemetrie-und-spurenlesen-mit-einheimischen-san","status":"publish","type":"page","link":"https:\/\/www.leopard.ch\/index.php\/satelliten-telemetrie-und-spurenlesen-mit-einheimischen-san\/","title":{"rendered":"Satelliten-Telemetrie und Spurenlesen mit einheimischen San"},"content":{"rendered":"\n<p>Damit LEC dem Verhalten des Leoparden und des L\u00f6wen auf die Spur kommt und die zahlreichen Fragen beantworten werden k\u00f6nnen, wird hoch spezialisiertes Wissen aus sehr unterschiedlichen Kulturen angewendet: die Satelliten-Telemetrie und das Spurenlesen durch einheimische San. <\/p>\n\n\n\n<h5 class=\"wp-block-heading\">Verschmelzung von modernster Technologie und Tradition: einzigartiger Einblick in das faszinierende Leben der Leoparden und L\u00f6wen<\/h5>\n\n\n\n<p>Ausgew\u00e4hlte Studientiere werden mit einem Satellitenhalsband besendert. Dies bedingt, dass die Tiere gefangen und durch einen Tierarzt immobilisiert werden. Danach werden die Aufenthaltsorte regelm\u00e4ssig via Satellit aufgenommen. Mit diesen Daten k\u00f6nnen wir Gr\u00f6sse, Lage und \u00dcberlappung der individuellen Streifgebiete ableiten. Ausserdem sehen wir, ob es z.\u202fB. saisonale Unterschiede im Bewegungsmuster gibt. Diese Daten werden durch das Spurenlesen, eine Jahrtausende alte Tradition der San, komplementiert. Anhand der Spuren im Sand erh\u00e4lt LEC detaillierte Informationen \u00fcber das Geschlecht, das Alter, die Ruhepl\u00e4tze sowie das Jagd- und Sozialverhalten der Raubkatzen.<\/p>\n\n\n\n<p>Dank der Kombination dieser zwei Techniken kann LEC zeigen, dass viele der Studientiere sich haupts\u00e4chlich innerhalb der Schutzgebiete aufhalten. Einige aber unternehmen regelm\u00e4ssige Ausfl\u00fcge auf das angrenzende landwirtschaftlich genutzte Land. Neben der erh\u00f6hten Gefahr, von Bauern erschossen zu werden, steigt damit auch das Risiko, sich mit t\u00f6dlichen Krankheiten anzustecken, die oft von Haustieren \u00fcbertragen werden.<\/p>\n","protected":false},"excerpt":{"rendered":"<p>Damit LEC dem Verhalten des Leoparden und des L\u00f6wen auf die Spur kommt und die zahlreichen Fragen beantworten werden k\u00f6nnen, wird hoch spezialisiertes Wissen aus sehr unterschiedlichen Kulturen angewendet: die Satelliten-Telemetrie und das Spurenlesen durch einheimische San. Verschmelzung von modernster Technologie und Tradition: einzigartiger Einblick in das faszinierende Leben der Leoparden und L\u00f6wen Ausgew\u00e4hlte Studientiere [&hellip;]<\/p>\n","protected":false},"author":2,"featured_media":826,"parent":0,"menu_order":0,"comment_status":"closed","ping_status":"closed","template":"","meta":{"footnotes":""},"class_list":["post-1087","page","type-page","status-publish","has-post-thumbnail","czr-hentry"],"yoast_head":"<!-- This site is optimized with the Yoast SEO plugin v27.3 - https:\/\/yoast.com\/product\/yoast-seo-wordpress\/ -->\n<title>Satelliten-Telemetrie und Spurenlesen mit einheimischen San - Leopard Ecology &amp; Conservation<\/title>\n<meta name=\"robots\" content=\"index, follow, max-snippet:-1, max-image-preview:large, max-video-preview:-1\" \/>\n<link rel=\"canonical\" href=\"https:\/\/www.leopard.ch\/index.php\/satelliten-telemetrie-und-spurenlesen-mit-einheimischen-san\/\" \/>\n<meta property=\"og:locale\" content=\"en_US\" \/>\n<meta property=\"og:type\" content=\"article\" \/>\n<meta property=\"og:title\" content=\"Satelliten-Telemetrie und Spurenlesen mit einheimischen San - Leopard Ecology &amp; Conservation\" \/>\n<meta property=\"og:description\" content=\"Damit LEC dem Verhalten des Leoparden und des L\u00f6wen auf die Spur kommt und die zahlreichen Fragen beantworten werden k\u00f6nnen, wird hoch spezialisiertes Wissen aus sehr unterschiedlichen Kulturen angewendet: die Satelliten-Telemetrie und das Spurenlesen durch einheimische San. Verschmelzung von modernster Technologie und Tradition: einzigartiger Einblick in das faszinierende Leben der Leoparden und L\u00f6wen Ausgew\u00e4hlte Studientiere [&hellip;]\" \/>\n<meta property=\"og:url\" content=\"https:\/\/www.leopard.ch\/index.php\/satelliten-telemetrie-und-spurenlesen-mit-einheimischen-san\/\" \/>\n<meta property=\"og:site_name\" content=\"Leopard Ecology &amp; Conservation\" \/>\n<meta property=\"article:modified_time\" content=\"2020-11-25T16:48:21+00:00\" \/>\n<meta property=\"og:image\" content=\"https:\/\/www.leopard.ch\/wp-content\/uploads\/2020\/11\/Leopardenspur_aw.jpg\" \/>\n\t<meta property=\"og:image:width\" content=\"818\" \/>\n\t<meta property=\"og:image:height\" content=\"546\" \/>\n\t<meta property=\"og:image:type\" content=\"image\/jpeg\" \/>\n<meta name=\"twitter:card\" content=\"summary_large_image\" \/>\n<meta name=\"twitter:label1\" content=\"Est. reading time\" \/>\n\t<meta name=\"twitter:data1\" content=\"1 minute\" \/>\n<script type=\"application\/ld+json\" class=\"yoast-schema-graph\">{\"@context\":\"https:\\\/\\\/schema.org\",\"@graph\":[{\"@type\":\"WebPage\",\"@id\":\"https:\\\/\\\/www.leopard.ch\\\/index.php\\\/satelliten-telemetrie-und-spurenlesen-mit-einheimischen-san\\\/\",\"url\":\"https:\\\/\\\/www.leopard.ch\\\/index.php\\\/satelliten-telemetrie-und-spurenlesen-mit-einheimischen-san\\\/\",\"name\":\"Satelliten-Telemetrie und Spurenlesen mit einheimischen San - Leopard Ecology &amp; Conservation\",\"isPartOf\":{\"@id\":\"https:\\\/\\\/www.leopard.ch\\\/#website\"},\"primaryImageOfPage\":{\"@id\":\"https:\\\/\\\/www.leopard.ch\\\/index.php\\\/satelliten-telemetrie-und-spurenlesen-mit-einheimischen-san\\\/#primaryimage\"},\"image\":{\"@id\":\"https:\\\/\\\/www.leopard.ch\\\/index.php\\\/satelliten-telemetrie-und-spurenlesen-mit-einheimischen-san\\\/#primaryimage\"},\"thumbnailUrl\":\"https:\\\/\\\/www.leopard.ch\\\/wp-content\\\/uploads\\\/2020\\\/11\\\/Leopardenspur_aw.jpg\",\"datePublished\":\"2020-11-24T22:30:42+00:00\",\"dateModified\":\"2020-11-25T16:48:21+00:00\",\"breadcrumb\":{\"@id\":\"https:\\\/\\\/www.leopard.ch\\\/index.php\\\/satelliten-telemetrie-und-spurenlesen-mit-einheimischen-san\\\/#breadcrumb\"},\"inLanguage\":\"en-US\",\"potentialAction\":[{\"@type\":\"ReadAction\",\"target\":[\"https:\\\/\\\/www.leopard.ch\\\/index.php\\\/satelliten-telemetrie-und-spurenlesen-mit-einheimischen-san\\\/\"]}]},{\"@type\":\"ImageObject\",\"inLanguage\":\"en-US\",\"@id\":\"https:\\\/\\\/www.leopard.ch\\\/index.php\\\/satelliten-telemetrie-und-spurenlesen-mit-einheimischen-san\\\/#primaryimage\",\"url\":\"https:\\\/\\\/www.leopard.ch\\\/wp-content\\\/uploads\\\/2020\\\/11\\\/Leopardenspur_aw.jpg\",\"contentUrl\":\"https:\\\/\\\/www.leopard.ch\\\/wp-content\\\/uploads\\\/2020\\\/11\\\/Leopardenspur_aw.jpg\",\"width\":818,\"height\":546},{\"@type\":\"BreadcrumbList\",\"@id\":\"https:\\\/\\\/www.leopard.ch\\\/index.php\\\/satelliten-telemetrie-und-spurenlesen-mit-einheimischen-san\\\/#breadcrumb\",\"itemListElement\":[{\"@type\":\"ListItem\",\"position\":1,\"name\":\"Home\",\"item\":\"https:\\\/\\\/www.leopard.ch\\\/\"},{\"@type\":\"ListItem\",\"position\":2,\"name\":\"Satelliten-Telemetrie und Spurenlesen mit einheimischen San\"}]},{\"@type\":\"WebSite\",\"@id\":\"https:\\\/\\\/www.leopard.ch\\\/#website\",\"url\":\"https:\\\/\\\/www.leopard.ch\\\/\",\"name\":\"Leopard Ecology &amp; Conservation\",\"description\":\"Leopard and Lion Research\",\"publisher\":{\"@id\":\"https:\\\/\\\/www.leopard.ch\\\/#organization\"},\"potentialAction\":[{\"@type\":\"SearchAction\",\"target\":{\"@type\":\"EntryPoint\",\"urlTemplate\":\"https:\\\/\\\/www.leopard.ch\\\/?s={search_term_string}\"},\"query-input\":{\"@type\":\"PropertyValueSpecification\",\"valueRequired\":true,\"valueName\":\"search_term_string\"}}],\"inLanguage\":\"en-US\"},{\"@type\":\"Organization\",\"@id\":\"https:\\\/\\\/www.leopard.ch\\\/#organization\",\"name\":\"Leopard Ecology &amp; Conservation\",\"url\":\"https:\\\/\\\/www.leopard.ch\\\/\",\"logo\":{\"@type\":\"ImageObject\",\"inLanguage\":\"en-US\",\"@id\":\"https:\\\/\\\/www.leopard.ch\\\/#\\\/schema\\\/logo\\\/image\\\/\",\"url\":\"https:\\\/\\\/www.leopard.ch\\\/wp-content\\\/uploads\\\/2020\\\/10\\\/LECLogo_5cm_300dpi_.png\",\"contentUrl\":\"https:\\\/\\\/www.leopard.ch\\\/wp-content\\\/uploads\\\/2020\\\/10\\\/LECLogo_5cm_300dpi_.png\",\"width\":250,\"height\":250,\"caption\":\"Leopard Ecology &amp; Conservation\"},\"image\":{\"@id\":\"https:\\\/\\\/www.leopard.ch\\\/#\\\/schema\\\/logo\\\/image\\\/\"}}]}<\/script>\n<!-- \/ Yoast SEO plugin. -->","yoast_head_json":{"title":"Satelliten-Telemetrie und Spurenlesen mit einheimischen San - Leopard Ecology &amp; Conservation","robots":{"index":"index","follow":"follow","max-snippet":"max-snippet:-1","max-image-preview":"max-image-preview:large","max-video-preview":"max-video-preview:-1"},"canonical":"https:\/\/www.leopard.ch\/index.php\/satelliten-telemetrie-und-spurenlesen-mit-einheimischen-san\/","og_locale":"en_US","og_type":"article","og_title":"Satelliten-Telemetrie und Spurenlesen mit einheimischen San - Leopard Ecology &amp; Conservation","og_description":"Damit LEC dem Verhalten des Leoparden und des L\u00f6wen auf die Spur kommt und die zahlreichen Fragen beantworten werden k\u00f6nnen, wird hoch spezialisiertes Wissen aus sehr unterschiedlichen Kulturen angewendet: die Satelliten-Telemetrie und das Spurenlesen durch einheimische San. Verschmelzung von modernster Technologie und Tradition: einzigartiger Einblick in das faszinierende Leben der Leoparden und L\u00f6wen Ausgew\u00e4hlte Studientiere [&hellip;]","og_url":"https:\/\/www.leopard.ch\/index.php\/satelliten-telemetrie-und-spurenlesen-mit-einheimischen-san\/","og_site_name":"Leopard Ecology &amp; Conservation","article_modified_time":"2020-11-25T16:48:21+00:00","og_image":[{"width":818,"height":546,"url":"https:\/\/www.leopard.ch\/wp-content\/uploads\/2020\/11\/Leopardenspur_aw.jpg","type":"image\/jpeg"}],"twitter_card":"summary_large_image","twitter_misc":{"Est. reading time":"1 minute"},"schema":{"@context":"https:\/\/schema.org","@graph":[{"@type":"WebPage","@id":"https:\/\/www.leopard.ch\/index.php\/satelliten-telemetrie-und-spurenlesen-mit-einheimischen-san\/","url":"https:\/\/www.leopard.ch\/index.php\/satelliten-telemetrie-und-spurenlesen-mit-einheimischen-san\/","name":"Satelliten-Telemetrie und Spurenlesen mit einheimischen San - Leopard Ecology &amp; Conservation","isPartOf":{"@id":"https:\/\/www.leopard.ch\/#website"},"primaryImageOfPage":{"@id":"https:\/\/www.leopard.ch\/index.php\/satelliten-telemetrie-und-spurenlesen-mit-einheimischen-san\/#primaryimage"},"image":{"@id":"https:\/\/www.leopard.ch\/index.php\/satelliten-telemetrie-und-spurenlesen-mit-einheimischen-san\/#primaryimage"},"thumbnailUrl":"https:\/\/www.leopard.ch\/wp-content\/uploads\/2020\/11\/Leopardenspur_aw.jpg","datePublished":"2020-11-24T22:30:42+00:00","dateModified":"2020-11-25T16:48:21+00:00","breadcrumb":{"@id":"https:\/\/www.leopard.ch\/index.php\/satelliten-telemetrie-und-spurenlesen-mit-einheimischen-san\/#breadcrumb"},"inLanguage":"en-US","potentialAction":[{"@type":"ReadAction","target":["https:\/\/www.leopard.ch\/index.php\/satelliten-telemetrie-und-spurenlesen-mit-einheimischen-san\/"]}]},{"@type":"ImageObject","inLanguage":"en-US","@id":"https:\/\/www.leopard.ch\/index.php\/satelliten-telemetrie-und-spurenlesen-mit-einheimischen-san\/#primaryimage","url":"https:\/\/www.leopard.ch\/wp-content\/uploads\/2020\/11\/Leopardenspur_aw.jpg","contentUrl":"https:\/\/www.leopard.ch\/wp-content\/uploads\/2020\/11\/Leopardenspur_aw.jpg","width":818,"height":546},{"@type":"BreadcrumbList","@id":"https:\/\/www.leopard.ch\/index.php\/satelliten-telemetrie-und-spurenlesen-mit-einheimischen-san\/#breadcrumb","itemListElement":[{"@type":"ListItem","position":1,"name":"Home","item":"https:\/\/www.leopard.ch\/"},{"@type":"ListItem","position":2,"name":"Satelliten-Telemetrie und Spurenlesen mit einheimischen San"}]},{"@type":"WebSite","@id":"https:\/\/www.leopard.ch\/#website","url":"https:\/\/www.leopard.ch\/","name":"Leopard Ecology &amp; Conservation","description":"Leopard and Lion Research","publisher":{"@id":"https:\/\/www.leopard.ch\/#organization"},"potentialAction":[{"@type":"SearchAction","target":{"@type":"EntryPoint","urlTemplate":"https:\/\/www.leopard.ch\/?s={search_term_string}"},"query-input":{"@type":"PropertyValueSpecification","valueRequired":true,"valueName":"search_term_string"}}],"inLanguage":"en-US"},{"@type":"Organization","@id":"https:\/\/www.leopard.ch\/#organization","name":"Leopard Ecology &amp; Conservation","url":"https:\/\/www.leopard.ch\/","logo":{"@type":"ImageObject","inLanguage":"en-US","@id":"https:\/\/www.leopard.ch\/#\/schema\/logo\/image\/","url":"https:\/\/www.leopard.ch\/wp-content\/uploads\/2020\/10\/LECLogo_5cm_300dpi_.png","contentUrl":"https:\/\/www.leopard.ch\/wp-content\/uploads\/2020\/10\/LECLogo_5cm_300dpi_.png","width":250,"height":250,"caption":"Leopard Ecology &amp; Conservation"},"image":{"@id":"https:\/\/www.leopard.ch\/#\/schema\/logo\/image\/"}}]}},"_links":{"self":[{"href":"https:\/\/www.leopard.ch\/index.php\/wp-json\/wp\/v2\/pages\/1087","targetHints":{"allow":["GET"]}}],"collection":[{"href":"https:\/\/www.leopard.ch\/index.php\/wp-json\/wp\/v2\/pages"}],"about":[{"href":"https:\/\/www.leopard.ch\/index.php\/wp-json\/wp\/v2\/types\/page"}],"author":[{"embeddable":true,"href":"https:\/\/www.leopard.ch\/index.php\/wp-json\/wp\/v2\/users\/2"}],"replies":[{"embeddable":true,"href":"https:\/\/www.leopard.ch\/index.php\/wp-json\/wp\/v2\/comments?post=1087"}],"version-history":[{"count":2,"href":"https:\/\/www.leopard.ch\/index.php\/wp-json\/wp\/v2\/pages\/1087\/revisions"}],"predecessor-version":[{"id":1129,"href":"https:\/\/www.leopard.ch\/index.php\/wp-json\/wp\/v2\/pages\/1087\/revisions\/1129"}],"wp:featuredmedia":[{"embeddable":true,"href":"https:\/\/www.leopard.ch\/index.php\/wp-json\/wp\/v2\/media\/826"}],"wp:attachment":[{"href":"https:\/\/www.leopard.ch\/index.php\/wp-json\/wp\/v2\/media?parent=1087"}],"curies":[{"name":"wp","href":"https:\/\/api.w.org\/{rel}","templated":true}]}}